{"id":13921,"date":"2023-11-15T14:46:58","date_gmt":"2023-11-15T13:46:58","guid":{"rendered":"https:\/?post_type=product&#038;p=13921"},"modified":"2025-03-12T16:54:15","modified_gmt":"2025-03-12T15:54:15","slug":"hitway-velo-electrique-pour-adultes-20-x-4-0-fat-tire-e-bike-avec-moteur-250-w-pliable-electric-bike-avec-batterie-amovible-36-v-12-ah-e-bike-longue-portee-pour-montagne-plage-neige","status":"publish","type":"product","link":"https:\/\/concept-sport.com\/index.php\/produit\/hitway-velo-electrique-pour-adultes-20-x-4-0-fat-tire-e-bike-avec-moteur-250-w-pliable-electric-bike-avec-batterie-amovible-36-v-12-ah-e-bike-longue-portee-pour-montagne-plage-neige\/","title":{"rendered":"HITWAY V\u00e9lo \u00e9lectrique pour Adultes 20&Prime; x 4.0 Fat Tire E Bike avec Moteur 250 W, Pliable Electric Bike avec Batterie Amovible 36 V 12 Ah E Bike Longue port\u00e9e pour Montagne, Plage, Neige"},"content":{"rendered":"<p>Couleur: NOIR-ORANGE<br \/>\nType de v\u00e9lo V\u00e9lo \u00e9lectrique<br \/>\nTranche d&rsquo;\u00e2ge (description) Adulte<br \/>\nMarque HITWAY<br \/>\nNombre de vitesses 7<br \/>\nCouleur NOIR-ORANGE<br \/>\nMat\u00e9riau du cadre Aluminium<br \/>\nType de suspension Suspension fourche<br \/>\nCaract\u00e9ristique sp\u00e9ciale Rechargeable<br \/>\nComposants inclus 1 * antivol pour v\u00e9lo HITWAY, Chargeurs et autres pi\u00e8ces, 1 * pompe \u00e0 v\u00e9lo HITWAY, 1 * v\u00e9lo HITWAY E<br \/>\nStyle de frein Disque<\/p>\n<p>\u00c0 propos de cet article<\/p>\n<p>\u3010\ud83c\udf89Nouveau produit\u3011Au cours des derni\u00e8res ann\u00e9es, avec beaucoup d&rsquo;accumulation et de recherches s\u00e9rieuses, HITWAY a commenc\u00e9 \u00e0 lancer plus de styles de v\u00e9los \u00e9lectriques en 2023. Ce que vous \u00eates sur le point de savoir, c&rsquo;est la graisse super tendance de 20 x 4,0 pouces. v\u00e9lo \u00e9lectrique pliant de pneu. Nous sommes convaincus que ce v\u00e9lo r\u00e9pondra aux attentes et vous apportera une exp\u00e9rience de conduite choquante.<br \/>\n\u3010\ud83d\ude0eMoteur puissant et stable\u3011Le v\u00e9lo \u00e9lectrique HITWAY est \u00e9quip\u00e9 d&rsquo;un moteur de 250 W, qui peut fournir une puissance forte et stable pour votre conduite quotidienne. 2 modes de conduite (assistance au p\u00e9dalage et p\u00e9dale classique) et une transmission Shimano \u00e0 7 vitesses pour une puissance suffisante pour gravir des pentes ou atteindre la vitesse maximale. La vitesse maximale du v\u00e9lo est d&rsquo;environ 25 km\/h, ce qui peut r\u00e9pondre \u00e0 vos besoins de d\u00e9placement et de camping.<br \/>\n\u3010\ud83d\ude0ePneus de 4,0 pouces pour conqu\u00e9rir n&rsquo;importe quel terrain\u3011 La caract\u00e9ristique la plus \u00e9blouissante du v\u00e9lo \u00e9lectrique HITWAY BK10 est le 20\u00a0\u00bbX4. Coupl\u00e9 aux excellentes performances d&rsquo;absorption des chocs de la fourche avant, il peut supprimer efficacement les vibrations caus\u00e9es par les routes accident\u00e9es et am\u00e9liorer consid\u00e9rablement le confort de conduite.<br \/>\n\u3010\ud83d\ude0eBatterie 36V 12Ah pour un voyage sans souci\u3011 La batterie rechargeable amovible 36V\/12AH est s\u00fbre et fiable. Il a une autonomie maximale de 35 \u00e0 90 km avec une assistance continue au p\u00e9dalage, et elle variera en fonction du poids individuel et des conditions routi\u00e8res. BK10 a deux m\u00e9thodes de charge, vous pouvez charger directement ce v\u00e9lo \u00e9lectrique pliant ou retirer la batterie pour la charger.<br \/>\n\u3010\ud83d\ude0e D\u00c9TAILS SUPPL\u00c9MENTAIRES\u3011 Le v\u00e9lo \u00e9lectrique urbain HITWAY se plie facilement et est parfait pour le stockage dans votre camping-car, SUV, bateau ou espace de vie. L&rsquo;affichage intuitif et lisible de Smart Gauge vous indique la vitesse, la batterie, la distance parcourue et plus encore, avec les feux avant et arri\u00e8re de Stvzo qui illuminent la route la nuit. Les freins \u00e0 double disque de haute qualit\u00e9 rendent votre conduite plus s\u00fbre.<\/p>\n","protected":false},"excerpt":{"rendered":"<p>Couleur: NOIR-ORANGE Type de v\u00e9lo V\u00e9lo \u00e9lectrique Tranche d&rsquo;\u00e2ge (description) Adulte Marque HITWAY Nombre de vitesses 7 Couleur NOIR-ORANGE Mat\u00e9riau<\/p>\n","protected":false},"featured_media":14067,"comment_status":"closed","ping_status":"closed","template":"","meta":[],"product_brand":[],"product_cat":[78],"product_tag":[],"class_list":{"0":"post-13921","1":"product","2":"type-product","3":"status-publish","4":"has-post-thumbnail","6":"product_cat-velos-electriques","8":"first","9":"instock","10":"taxable","11":"shipping-taxable","12":"purchasable","13":"product-type-simple"},"yoast_head":"<!-- This site is optimized with the Yoast SEO plugin v24.8.1 - https:\/\/yoast.com\/wordpress\/plugins\/seo\/ -->\n<title>HITWAY V\u00e9lo \u00e9lectrique pour Adultes 20&quot; x 4.0 Fat Tire E Bike avec Moteur 250 W, Pliable Electric Bike avec Batterie Amovible 36 V 12 Ah E Bike Longue port\u00e9e pour Montagne, Plage, Neige - Concept Sport<\/title>\n<meta name=\"robots\" content=\"index, follow, max-snippet:-1, max-image-preview:large, max-video-preview:-1\" \/>\n<link rel=\"canonical\" href=\"https:\/\/concept-sport.com\/index.php\/produit\/hitway-velo-electrique-pour-adultes-20-x-4-0-fat-tire-e-bike-avec-moteur-250-w-pliable-electric-bike-avec-batterie-amovible-36-v-12-ah-e-bike-longue-portee-pour-montagne-plage-neige\/\" \/>\n<meta property=\"og:locale\" content=\"fr_FR\" \/>\n<meta property=\"og:type\" content=\"article\" \/>\n<meta property=\"og:title\" content=\"HITWAY V\u00e9lo \u00e9lectrique pour Adultes 20&quot; x 4.0 Fat Tire E Bike avec Moteur 250 W, Pliable Electric Bike avec Batterie Amovible 36 V 12 Ah E Bike Longue port\u00e9e pour Montagne, Plage, Neige - Concept Sport\" \/>\n<meta property=\"og:description\" content=\"Couleur: NOIR-ORANGE Type de v\u00e9lo V\u00e9lo \u00e9lectrique Tranche d&rsquo;\u00e2ge (description) Adulte Marque HITWAY Nombre de vitesses 7 Couleur NOIR-ORANGE Mat\u00e9riau\" \/>\n<meta property=\"og:url\" content=\"https:\/\/concept-sport.com\/index.php\/produit\/hitway-velo-electrique-pour-adultes-20-x-4-0-fat-tire-e-bike-avec-moteur-250-w-pliable-electric-bike-avec-batterie-amovible-36-v-12-ah-e-bike-longue-portee-pour-montagne-plage-neige\/\" \/>\n<meta property=\"og:site_name\" content=\"Concept Sport\" \/>\n<meta property=\"article:modified_time\" content=\"2025-03-12T15:54:15+00:00\" \/>\n<meta property=\"og:image\" content=\"https:\/\/concept-sport.com\/wp-content\/uploads\/2023\/11\/81n9-gHPXNL._AC_SL1500_.jpg\" \/>\n\t<meta property=\"og:image:width\" content=\"1402\" \/>\n\t<meta property=\"og:image:height\" content=\"1500\" \/>\n\t<meta property=\"og:image:type\" content=\"image\/jpeg\" \/>\n<meta name=\"twitter:card\" content=\"summary_large_image\" \/>\n<meta name=\"twitter:label1\" content=\"Dur\u00e9e de lecture estim\u00e9e\" \/>\n\t<meta name=\"twitter:data1\" content=\"2 minutes\" \/>\n<script type=\"application\/ld+json\" class=\"yoast-schema-graph\">{\"@context\":\"https:\/\/schema.org\",\"@graph\":[{\"@type\":\"WebPage\",\"@id\":\"https:\/\/concept-sport.com\/index.php\/produit\/hitway-velo-electrique-pour-adultes-20-x-4-0-fat-tire-e-bike-avec-moteur-250-w-pliable-electric-bike-avec-batterie-amovible-36-v-12-ah-e-bike-longue-portee-pour-montagne-plage-neige\/\",\"url\":\"https:\/\/concept-sport.com\/index.php\/produit\/hitway-velo-electrique-pour-adultes-20-x-4-0-fat-tire-e-bike-avec-moteur-250-w-pliable-electric-bike-avec-batterie-amovible-36-v-12-ah-e-bike-longue-portee-pour-montagne-plage-neige\/\",\"name\":\"HITWAY V\u00e9lo \u00e9lectrique pour Adultes 20\\\" x 4.0 Fat Tire E Bike avec Moteur 250 W, Pliable Electric Bike avec Batterie Amovible 36 V 12 Ah E Bike Longue port\u00e9e pour Montagne, Plage, Neige - Concept Sport\",\"isPartOf\":{\"@id\":\"https:\/\/concept-sport.com\/#website\"},\"primaryImageOfPage\":{\"@id\":\"https:\/\/concept-sport.com\/index.php\/produit\/hitway-velo-electrique-pour-adultes-20-x-4-0-fat-tire-e-bike-avec-moteur-250-w-pliable-electric-bike-avec-batterie-amovible-36-v-12-ah-e-bike-longue-portee-pour-montagne-plage-neige\/#primaryimage\"},\"image\":{\"@id\":\"https:\/\/concept-sport.com\/index.php\/produit\/hitway-velo-electrique-pour-adultes-20-x-4-0-fat-tire-e-bike-avec-moteur-250-w-pliable-electric-bike-avec-batterie-amovible-36-v-12-ah-e-bike-longue-portee-pour-montagne-plage-neige\/#primaryimage\"},\"thumbnailUrl\":\"https:\/\/concept-sport.com\/wp-content\/uploads\/2023\/11\/81n9-gHPXNL._AC_SL1500_.jpg\",\"datePublished\":\"2023-11-15T13:46:58+00:00\",\"dateModified\":\"2025-03-12T15:54:15+00:00\",\"breadcrumb\":{\"@id\":\"https:\/\/concept-sport.com\/index.php\/produit\/hitway-velo-electrique-pour-adultes-20-x-4-0-fat-tire-e-bike-avec-moteur-250-w-pliable-electric-bike-avec-batterie-amovible-36-v-12-ah-e-bike-longue-portee-pour-montagne-plage-neige\/#breadcrumb\"},\"inLanguage\":\"fr-FR\",\"potentialAction\":[{\"@type\":\"ReadAction\",\"target\":[\"https:\/\/concept-sport.com\/index.php\/produit\/hitway-velo-electrique-pour-adultes-20-x-4-0-fat-tire-e-bike-avec-moteur-250-w-pliable-electric-bike-avec-batterie-amovible-36-v-12-ah-e-bike-longue-portee-pour-montagne-plage-neige\/\"]}]},{\"@type\":\"ImageObject\",\"inLanguage\":\"fr-FR\",\"@id\":\"https:\/\/concept-sport.com\/index.php\/produit\/hitway-velo-electrique-pour-adultes-20-x-4-0-fat-tire-e-bike-avec-moteur-250-w-pliable-electric-bike-avec-batterie-amovible-36-v-12-ah-e-bike-longue-portee-pour-montagne-plage-neige\/#primaryimage\",\"url\":\"https:\/\/concept-sport.com\/wp-content\/uploads\/2023\/11\/81n9-gHPXNL._AC_SL1500_.jpg\",\"contentUrl\":\"https:\/\/concept-sport.com\/wp-content\/uploads\/2023\/11\/81n9-gHPXNL._AC_SL1500_.jpg\",\"width\":1402,\"height\":1500},{\"@type\":\"BreadcrumbList\",\"@id\":\"https:\/\/concept-sport.com\/index.php\/produit\/hitway-velo-electrique-pour-adultes-20-x-4-0-fat-tire-e-bike-avec-moteur-250-w-pliable-electric-bike-avec-batterie-amovible-36-v-12-ah-e-bike-longue-portee-pour-montagne-plage-neige\/#breadcrumb\",\"itemListElement\":[{\"@type\":\"ListItem\",\"position\":1,\"name\":\"Accueil\",\"item\":\"https:\/\/concept-sport.com\/\"},{\"@type\":\"ListItem\",\"position\":2,\"name\":\"Boutique\",\"item\":\"https:\/\/concept-sport.com\/index.php\/boutique\/\"},{\"@type\":\"ListItem\",\"position\":3,\"name\":\"HITWAY V\u00e9lo \u00e9lectrique pour Adultes 20&Prime; x 4.0 Fat Tire E Bike avec Moteur 250 W, Pliable Electric Bike avec Batterie Amovible 36 V 12 Ah E Bike Longue port\u00e9e pour Montagne, Plage, Neige\"}]},{\"@type\":\"WebSite\",\"@id\":\"https:\/\/concept-sport.com\/#website\",\"url\":\"https:\/\/concept-sport.com\/\",\"name\":\"Concept Sport\",\"description\":\"Mat\u00e9riel de sport &amp; \u00e9quipement sportif\",\"potentialAction\":[{\"@type\":\"SearchAction\",\"target\":{\"@type\":\"EntryPoint\",\"urlTemplate\":\"https:\/\/concept-sport.com\/?s={search_term_string}\"},\"query-input\":{\"@type\":\"PropertyValueSpecification\",\"valueRequired\":true,\"valueName\":\"search_term_string\"}}],\"inLanguage\":\"fr-FR\"}]}<\/script>\n<!-- \/ Yoast SEO plugin. -->","yoast_head_json":{"title":"HITWAY V\u00e9lo \u00e9lectrique pour Adultes 20\" x 4.0 Fat Tire E Bike avec Moteur 250 W, Pliable Electric Bike avec Batterie Amovible 36 V 12 Ah E Bike Longue port\u00e9e pour Montagne, Plage, Neige - Concept Sport","robots":{"index":"index","follow":"follow","max-snippet":"max-snippet:-1","max-image-preview":"max-image-preview:large","max-video-preview":"max-video-preview:-1"},"canonical":"https:\/\/concept-sport.com\/index.php\/produit\/hitway-velo-electrique-pour-adultes-20-x-4-0-fat-tire-e-bike-avec-moteur-250-w-pliable-electric-bike-avec-batterie-amovible-36-v-12-ah-e-bike-longue-portee-pour-montagne-plage-neige\/","og_locale":"fr_FR","og_type":"article","og_title":"HITWAY V\u00e9lo \u00e9lectrique pour Adultes 20\" x 4.0 Fat Tire E Bike avec Moteur 250 W, Pliable Electric Bike avec Batterie Amovible 36 V 12 Ah E Bike Longue port\u00e9e pour Montagne, Plage, Neige - Concept Sport","og_description":"Couleur: NOIR-ORANGE Type de v\u00e9lo V\u00e9lo \u00e9lectrique Tranche d&rsquo;\u00e2ge (description) Adulte Marque HITWAY Nombre de vitesses 7 Couleur NOIR-ORANGE Mat\u00e9riau","og_url":"https:\/\/concept-sport.com\/index.php\/produit\/hitway-velo-electrique-pour-adultes-20-x-4-0-fat-tire-e-bike-avec-moteur-250-w-pliable-electric-bike-avec-batterie-amovible-36-v-12-ah-e-bike-longue-portee-pour-montagne-plage-neige\/","og_site_name":"Concept Sport","article_modified_time":"2025-03-12T15:54:15+00:00","og_image":[{"width":1402,"height":1500,"url":"https:\/\/concept-sport.com\/wp-content\/uploads\/2023\/11\/81n9-gHPXNL._AC_SL1500_.jpg","type":"image\/jpeg"}],"twitter_card":"summary_large_image","twitter_misc":{"Dur\u00e9e de lecture estim\u00e9e":"2 minutes"},"schema":{"@context":"https:\/\/schema.org","@graph":[{"@type":"WebPage","@id":"https:\/\/concept-sport.com\/index.php\/produit\/hitway-velo-electrique-pour-adultes-20-x-4-0-fat-tire-e-bike-avec-moteur-250-w-pliable-electric-bike-avec-batterie-amovible-36-v-12-ah-e-bike-longue-portee-pour-montagne-plage-neige\/","url":"https:\/\/concept-sport.com\/index.php\/produit\/hitway-velo-electrique-pour-adultes-20-x-4-0-fat-tire-e-bike-avec-moteur-250-w-pliable-electric-bike-avec-batterie-amovible-36-v-12-ah-e-bike-longue-portee-pour-montagne-plage-neige\/","name":"HITWAY V\u00e9lo \u00e9lectrique pour Adultes 20\" x 4.0 Fat Tire E Bike avec Moteur 250 W, Pliable Electric Bike avec Batterie Amovible 36 V 12 Ah E Bike Longue port\u00e9e pour Montagne, Plage, Neige - Concept Sport","isPartOf":{"@id":"https:\/\/concept-sport.com\/#website"},"primaryImageOfPage":{"@id":"https:\/\/concept-sport.com\/index.php\/produit\/hitway-velo-electrique-pour-adultes-20-x-4-0-fat-tire-e-bike-avec-moteur-250-w-pliable-electric-bike-avec-batterie-amovible-36-v-12-ah-e-bike-longue-portee-pour-montagne-plage-neige\/#primaryimage"},"image":{"@id":"https:\/\/concept-sport.com\/index.php\/produit\/hitway-velo-electrique-pour-adultes-20-x-4-0-fat-tire-e-bike-avec-moteur-250-w-pliable-electric-bike-avec-batterie-amovible-36-v-12-ah-e-bike-longue-portee-pour-montagne-plage-neige\/#primaryimage"},"thumbnailUrl":"https:\/\/concept-sport.com\/wp-content\/uploads\/2023\/11\/81n9-gHPXNL._AC_SL1500_.jpg","datePublished":"2023-11-15T13:46:58+00:00","dateModified":"2025-03-12T15:54:15+00:00","breadcrumb":{"@id":"https:\/\/concept-sport.com\/index.php\/produit\/hitway-velo-electrique-pour-adultes-20-x-4-0-fat-tire-e-bike-avec-moteur-250-w-pliable-electric-bike-avec-batterie-amovible-36-v-12-ah-e-bike-longue-portee-pour-montagne-plage-neige\/#breadcrumb"},"inLanguage":"fr-FR","potentialAction":[{"@type":"ReadAction","target":["https:\/\/concept-sport.com\/index.php\/produit\/hitway-velo-electrique-pour-adultes-20-x-4-0-fat-tire-e-bike-avec-moteur-250-w-pliable-electric-bike-avec-batterie-amovible-36-v-12-ah-e-bike-longue-portee-pour-montagne-plage-neige\/"]}]},{"@type":"ImageObject","inLanguage":"fr-FR","@id":"https:\/\/concept-sport.com\/index.php\/produit\/hitway-velo-electrique-pour-adultes-20-x-4-0-fat-tire-e-bike-avec-moteur-250-w-pliable-electric-bike-avec-batterie-amovible-36-v-12-ah-e-bike-longue-portee-pour-montagne-plage-neige\/#primaryimage","url":"https:\/\/concept-sport.com\/wp-content\/uploads\/2023\/11\/81n9-gHPXNL._AC_SL1500_.jpg","contentUrl":"https:\/\/concept-sport.com\/wp-content\/uploads\/2023\/11\/81n9-gHPXNL._AC_SL1500_.jpg","width":1402,"height":1500},{"@type":"BreadcrumbList","@id":"https:\/\/concept-sport.com\/index.php\/produit\/hitway-velo-electrique-pour-adultes-20-x-4-0-fat-tire-e-bike-avec-moteur-250-w-pliable-electric-bike-avec-batterie-amovible-36-v-12-ah-e-bike-longue-portee-pour-montagne-plage-neige\/#breadcrumb","itemListElement":[{"@type":"ListItem","position":1,"name":"Accueil","item":"https:\/\/concept-sport.com\/"},{"@type":"ListItem","position":2,"name":"Boutique","item":"https:\/\/concept-sport.com\/index.php\/boutique\/"},{"@type":"ListItem","position":3,"name":"HITWAY V\u00e9lo \u00e9lectrique pour Adultes 20&Prime; x 4.0 Fat Tire E Bike avec Moteur 250 W, Pliable Electric Bike avec Batterie Amovible 36 V 12 Ah E Bike Longue port\u00e9e pour Montagne, Plage, Neige"}]},{"@type":"WebSite","@id":"https:\/\/concept-sport.com\/#website","url":"https:\/\/concept-sport.com\/","name":"Concept Sport","description":"Mat\u00e9riel de sport &amp; \u00e9quipement sportif","potentialAction":[{"@type":"SearchAction","target":{"@type":"EntryPoint","urlTemplate":"https:\/\/concept-sport.com\/?s={search_term_string}"},"query-input":{"@type":"PropertyValueSpecification","valueRequired":true,"valueName":"search_term_string"}}],"inLanguage":"fr-FR"}]}},"_links":{"self":[{"href":"https:\/\/concept-sport.com\/index.php\/wp-json\/wp\/v2\/product\/13921","targetHints":{"allow":["GET"]}}],"collection":[{"href":"https:\/\/concept-sport.com\/index.php\/wp-json\/wp\/v2\/product"}],"about":[{"href":"https:\/\/concept-sport.com\/index.php\/wp-json\/wp\/v2\/types\/product"}],"replies":[{"embeddable":true,"href":"https:\/\/concept-sport.com\/index.php\/wp-json\/wp\/v2\/comments?post=13921"}],"version-history":[{"count":1,"href":"https:\/\/concept-sport.com\/index.php\/wp-json\/wp\/v2\/product\/13921\/revisions"}],"predecessor-version":[{"id":14074,"href":"https:\/\/concept-sport.com\/index.php\/wp-json\/wp\/v2\/product\/13921\/revisions\/14074"}],"wp:featuredmedia":[{"embeddable":true,"href":"https:\/\/concept-sport.com\/index.php\/wp-json\/wp\/v2\/media\/14067"}],"wp:attachment":[{"href":"https:\/\/concept-sport.com\/index.php\/wp-json\/wp\/v2\/media?parent=13921"}],"wp:term":[{"taxonomy":"product_brand","embeddable":true,"href":"https:\/\/concept-sport.com\/index.php\/wp-json\/wp\/v2\/product_brand?post=13921"},{"taxonomy":"product_cat","embeddable":true,"href":"https:\/\/concept-sport.com\/index.php\/wp-json\/wp\/v2\/product_cat?post=13921"},{"taxonomy":"product_tag","embeddable":true,"href":"https:\/\/concept-sport.com\/index.php\/wp-json\/wp\/v2\/product_tag?post=13921"}],"curies":[{"name":"wp","href":"https:\/\/api.w.org\/{rel}","templated":true}]}}